{"id":9993,"date":"2022-07-18T19:38:46","date_gmt":"2022-07-18T22:38:46","guid":{"rendered":"https:\/\/www.bienaldelchaco.org\/2022\/?post_type=mec-events&#038;p=9993"},"modified":"2022-07-18T19:53:02","modified_gmt":"2022-07-18T22:53:02","slug":"taller-diseno-de-materiales-didacticos-para-el-aula-dictado-por-alejandro-arce-para-docentes","status":"publish","type":"mec-events","link":"https:\/\/www.bienaldelchaco.org\/2022\/events\/taller-diseno-de-materiales-didacticos-para-el-aula-dictado-por-alejandro-arce-para-docentes\/","title":{"rendered":"Taller:  Dise\u00f1o de Materiales Did\u00e1cticos para el Aula | Dictado por Alejandro Arce (para docentes)"},"content":{"rendered":"<p>Predio Bienal | Box 2 &#8211; Paseo Costanero<\/p>\n<div class=\"wpb_text_column wpb_content_element \">\n<div class=\"wpb_wrapper\">\n<p>Taller destinado a docentes de todos los niveles que est\u00e9n interesados en aprender a dise\u00f1ar herramientas y recursos did\u00e1cticos para trabajar en el aula. Podr\u00e1n experimentar la producci\u00f3n de algunos dispositivos con el objeto de aplicarlos directamente o usarlos como experiencia para poder dise\u00f1ar nuevos recursos en sus propias actividades. Se entregar\u00e1 cuadernillos de actividades para docentes a quienes completen el curso.<\/p>\n<\/div>\n<\/div>\n<div class=\"vc_empty_space\"><\/div>\n","protected":false},"excerpt":{"rendered":"<p>Predio Bienal | Box 2 &#8211; Paseo Costanero Taller destinado a docentes de todos los niveles que est\u00e9n interesados en aprender a dise\u00f1ar herramientas y recursos did\u00e1cticos para trabajar en el aula. Podr\u00e1n experimentar la producci\u00f3n de algunos dispositivos con el objeto de aplicarlos directamente&#8230;<\/p>\n","protected":false},"author":3,"featured_media":9995,"comment_status":"closed","ping_status":"closed","template":"","tags":[],"mec_category":[25],"mec_speaker":[],"_links":{"self":[{"href":"https:\/\/www.bienaldelchaco.org\/2022\/wp-json\/wp\/v2\/mec-events\/9993"}],"collection":[{"href":"https:\/\/www.bienaldelchaco.org\/2022\/wp-json\/wp\/v2\/mec-events"}],"about":[{"href":"https:\/\/www.bienaldelchaco.org\/2022\/wp-json\/wp\/v2\/types\/mec-events"}],"author":[{"embeddable":true,"href":"https:\/\/www.bienaldelchaco.org\/2022\/wp-json\/wp\/v2\/users\/3"}],"replies":[{"embeddable":true,"href":"https:\/\/www.bienaldelchaco.org\/2022\/wp-json\/wp\/v2\/comments?post=9993"}],"wp:featuredmedia":[{"embeddable":true,"href":"https:\/\/www.bienaldelchaco.org\/2022\/wp-json\/wp\/v2\/media\/9995"}],"wp:attachment":[{"href":"https:\/\/www.bienaldelchaco.org\/2022\/wp-json\/wp\/v2\/media?parent=9993"}],"wp:term":[{"taxonomy":"post_tag","embeddable":true,"href":"https:\/\/www.bienaldelchaco.org\/2022\/wp-json\/wp\/v2\/tags?post=9993"},{"taxonomy":"mec_category","embeddable":true,"href":"https:\/\/www.bienaldelchaco.org\/2022\/wp-json\/wp\/v2\/mec_category?post=9993"},{"taxonomy":"mec_speaker","embeddable":true,"href":"https:\/\/www.bienaldelchaco.org\/2022\/wp-json\/wp\/v2\/mec_speaker?post=9993"}],"curies":[{"name":"wp","href":"https:\/\/api.w.org\/{rel}","templated":true}]}}

Taller:  Diseño de Materiales Didácticos para el Aula | Dictado por Alejandro Arce (para docentes)

<p>Predio Bienal | Box 2 &#8211; Paseo Costanero</p>
<div class="wpb_text_column wpb_content_element ">
<div class="wpb_wrapper">
<p>Taller destinado a docentes de todos los niveles que estén interesados en aprender a diseñar herramientas y recursos didácticos para trabajar en el aula. Podrán experimentar la producción de algunos dispositivos con el objeto de aplicarlos directamente o usarlos como experiencia para poder diseñar nuevos recursos en sus propias actividades. Se entregará cuadernillos de actividades para docentes a quienes completen el curso.</p>
</div>
</div>
<div class="vc_empty_space"></div>

<p>Predio Bienal | Box 2 &#8211; Paseo Costanero Taller destinado a docentes de todos los niveles que estén interesados en aprender a diseñar herramientas y recursos didácticos para trabajar en el aula. Podrán experimentar la producción de algunos dispositivos con el objeto de aplicarlos directamente&#8230;</p>
