{"id":8833,"date":"2022-04-05T13:36:25","date_gmt":"2022-04-05T16:36:25","guid":{"rendered":"https:\/\/www.bienaldelchaco.org\/2022\/?page_id=8833"},"modified":"2022-12-13T15:11:28","modified_gmt":"2022-12-13T18:11:28","slug":"bienal-de-escultura-choe-sodong","status":"publish","type":"page","link":"https:\/\/www.bienaldelchaco.org\/2022\/bienal-de-escultura-choe-sodong\/","title":{"rendered":"Bienal de Escultura &#8211; Choe Sodong"},"content":{"rendered":"[vc_row css_animation=&#8221;&#8221; row_type=&#8221;row&#8221; use_row_as_full_screen_section=&#8221;no&#8221; type=&#8221;full_width&#8221; angled_section=&#8221;no&#8221; text_align=&#8221;left&#8221; background_image_as_pattern=&#8221;without_pattern&#8221; z_index=&#8221;&#8221;][vc_column offset=&#8221;vc_hidden-sm vc_hidden-xs&#8221;][vc_single_image image=&#8221;8385&#8243; img_size=&#8221;full&#8221; qode_css_animation=&#8221;&#8221;][\/vc_column][\/vc_row][vc_row css_animation=&#8221;&#8221; row_type=&#8221;row&#8221; use_row_as_full_screen_section=&#8221;no&#8221; type=&#8221;full_width&#8221; angled_section=&#8221;no&#8221; text_align=&#8221;left&#8221; background_image_as_pattern=&#8221;without_pattern&#8221; z_index=&#8221;&#8221;][vc_column offset=&#8221;vc_hidden-lg vc_hidden-md&#8221;][vc_single_image image=&#8221;8388&#8243; img_size=&#8221;full&#8221; qode_css_animation=&#8221;&#8221;][\/vc_column][\/vc_row][vc_row css_animation=&#8221;&#8221; row_type=&#8221;row&#8221; use_row_as_full_screen_section=&#8221;no&#8221; type=&#8221;grid&#8221; angled_section=&#8221;no&#8221; text_align=&#8221;left&#8221; background_image_as_pattern=&#8221;without_pattern&#8221; background_color=&#8221;#000000&#8243; z_index=&#8221;&#8221;][vc_column css_animation=&#8221;fadeInLeftBig&#8221;][vc_empty_space height=&#8221;50px&#8221;][vc_row_inner row_type=&#8221;row&#8221; type=&#8221;full_width&#8221; text_align=&#8221;left&#8221; css_animation=&#8221;&#8221;][vc_column_inner width=&#8221;2\/3&#8243;][vc_column_text]<span style=\"font-family: 'Muli'; font-size: 30px; font-weight: bold; color: #ffffff;\">Concurso Internacional de Escultura<\/span>[\/vc_column_text][\/vc_column_inner][vc_column_inner width=&#8221;1\/3&#8243;][vc_column_text]\n<p style=\"text-align: right;\"><span style=\"color: #ffffff;\"><a style=\"color: #ffffff;\" href=\"https:\/\/www.bienaldelchaco.org\/2022\/bienal-de-escultura\/\"><span style=\"font-family: 'Muli'; font-size: 22px;\">&lt; Volver<\/span><\/a><\/span><\/p>\n[\/vc_column_text][\/vc_column_inner][\/vc_row_inner][vc_column_text]<span style=\"font-family: 'Muli'; font-size: 20px; color: #ffffff;\">16 al 23 de julio de 2022<\/span>[\/vc_column_text][vc_separator css_animation=&#8221;none&#8221; type=&#8221;small&#8221; position=&#8221;left&#8221; color=&#8221;#ffffff&#8221; width=&#8221;50&#8243;][vc_empty_space height=&#8221;10px&#8221;][\/vc_column][\/vc_row][vc_row css_animation=&#8221;&#8221; row_type=&#8221;row&#8221; use_row_as_full_screen_section=&#8221;no&#8221; type=&#8221;full_width&#8221; angled_section=&#8221;no&#8221; text_align=&#8221;left&#8221; background_image_as_pattern=&#8221;without_pattern&#8221; background_color=&#8221;#000000&#8243; z_index=&#8221;&#8221;][vc_column css_animation=&#8221;fadeInLeftBig&#8221;][vc_empty_space height=&#8221;50px&#8221;][vc_row_inner row_type=&#8221;row&#8221; type=&#8221;grid&#8221; text_align=&#8221;left&#8221; css_animation=&#8221;&#8221;][vc_column_inner css=&#8221;.vc_custom_1643373532648{padding-left: 20px !important;}&#8221;][vc_column_text]\n<h2 style=\"text-align: left; color: #ffffff;\"><strong>Escultores Seleccionados<\/strong><\/h2>\n[\/vc_column_text][vc_separator css_animation=&#8221;none&#8221; type=&#8221;small&#8221; position=&#8221;left&#8221; color=&#8221;#ffffff&#8221; width=&#8221;50&#8243;][\/vc_column_inner][\/vc_row_inner][vc_empty_space height=&#8221;10px&#8221;][vc_row_inner row_type=&#8221;row&#8221; type=&#8221;grid&#8221; text_align=&#8221;left&#8221; css_animation=&#8221;&#8221;][vc_column_inner offset=&#8221;vc_hidden-sm vc_hidden-xs&#8221;][vc_single_image image=&#8221;8835&#8243; img_size=&#8221;full&#8221; alignment=&#8221;center&#8221; qode_css_animation=&#8221;element_from_fade&#8221;][vc_empty_space height=&#8221;30px&#8221;][\/vc_column_inner][\/vc_row_inner][vc_row_inner row_type=&#8221;row&#8221; type=&#8221;grid&#8221; text_align=&#8221;left&#8221; css_animation=&#8221;&#8221;][vc_column_inner offset=&#8221;vc_hidden-lg vc_hidden-md&#8221;][vc_single_image image=&#8221;9428&#8243; img_size=&#8221;full&#8221; alignment=&#8221;center&#8221; qode_css_animation=&#8221;element_from_fade&#8221;][vc_empty_space height=&#8221;30px&#8221;][\/vc_column_inner][\/vc_row_inner][vc_row_inner row_type=&#8221;row&#8221; type=&#8221;grid&#8221; text_align=&#8221;left&#8221; css_animation=&#8221;&#8221;][vc_column_inner css=&#8221;.vc_custom_1643373532648{padding-left: 20px !important;}&#8221;][vc_empty_space height=&#8221;60px&#8221;][vc_column_text]\n<h2 style=\"text-align: left; color: #ffffff;\"><strong>Premios Obtenidos<\/strong><\/h2>\n[\/vc_column_text][vc_separator css_animation=&#8221;none&#8221; type=&#8221;small&#8221; position=&#8221;left&#8221; color=&#8221;#ffffff&#8221; width=&#8221;50&#8243;][vc_empty_space height=&#8221;30px&#8221;][vc_single_image image=&#8221;10463&#8243; img_size=&#8221;full&#8221; qode_css_animation=&#8221;element_from_fade&#8221;][vc_single_image image=&#8221;10468&#8243; img_size=&#8221;full&#8221; qode_css_animation=&#8221;element_from_fade&#8221;][vc_empty_space height=&#8221;60px&#8221;][\/vc_column_inner][\/vc_row_inner][vc_row_inner row_type=&#8221;row&#8221; type=&#8221;grid&#8221; text_align=&#8221;left&#8221; css_animation=&#8221;&#8221;][vc_column_inner width=&#8221;2\/3&#8243;][vc_empty_space height=&#8221;30px&#8221;][vc_column_text]\n<p style=\"color: #ffffff; padding-bottom: 20px; font-size: 16px;\">Nacido el 17 de enero de 1965. Provincia de Chung Buk, Rep\u00fablica de Corea.<\/p>\n<p style=\"color: #ffffff; padding-bottom: 20px; font-size: 16px;\">1994 Universidad Mok Won \u2026.. M\u00e1ster (Tesis de maestr\u00eda &#8220;Investigaci\u00f3n sobre la belleza natural y artificial de la piedra&#8221;).<\/p>\n<p style=\"color: #ffffff; padding-bottom: 20px; font-size: 16px;\"><strong>Premios<\/strong>:<br \/>\n\u2022 1994 Gran Premio: Primer Concurso Abierto de Escultura Asi\u00e1tica OITA.<br \/>\n\u2022 1997 Premio al Director Principal: Gran Concurso de Escultura Ambiental de Corea.<br \/>\n\u2022 2009 Segundo Premio: 5\u00ba Concurso de Talla en Piedra de China (HUI AN).<br \/>\n\u2022 2012 Segundo Premio de Plata de \u201cLiu Kaiqu Award\u201d Wuhu &#8211; China.<br \/>\n\u2022 2013 Premios de la Bienal Internacional de Escultura de Lih-Pao en TAIW\u00c1N (Premio a la Excelencia).<br \/>\n\u2022 2015 7\u00ba Simposio Internacional Anual de Escultura de Tehr\u00e1n. 1\u00ba Premio.<br \/>\n\u2022 2016 3\u00ba Bienal Internacional de Escultura en Taiw\u00e1n Lih- Pao (Premio a la Excelencia).<\/p>\n[\/vc_column_text][\/vc_column_inner][\/vc_row_inner][vc_empty_space height=&#8221;60px&#8221;][vc_row_inner row_type=&#8221;row&#8221; type=&#8221;grid&#8221; text_align=&#8221;left&#8221; css_animation=&#8221;&#8221;][vc_column_inner width=&#8221;2\/3&#8243;][vc_empty_space height=&#8221;60px&#8221;][vc_column_text]\n<h2 style=\"text-align: left; color: #ffffff;\"><strong>Proyecto<\/strong><\/h2>\n[\/vc_column_text][vc_separator css_animation=&#8221;none&#8221; type=&#8221;small&#8221; position=&#8221;left&#8221; color=&#8221;#ffffff&#8221; width=&#8221;50&#8243;][vc_single_image image=&#8221;8838&#8243; img_size=&#8221;full&#8221; qode_css_animation=&#8221;&#8221;][vc_empty_space height=&#8221;30px&#8221;][vc_column_text]\n<p style=\"color: #ffffff; padding-bottom: 20px; font-size: 16px;\">El ser humano debe convivir con la naturaleza. Si no respetamos la naturaleza, la supervivencia de la humanidad se ver\u00e1 amenazada. Pretendo contar en la obra la infinita esperanza de la civilizaci\u00f3n humana en la naturaleza. El prototipo de la c\u00e9lula b\u00e1sica de la vida est\u00e1 estructuralmente enumerado y compuesto. Expresa la eternidad de nuestra humanidad que nunca terminar\u00e1. En contraste con el color de la piedra, expresa la composici\u00f3n crom\u00e1tica y la eternidad y esperanza de la humanidad. Simboliza avanzar hacia una visi\u00f3n de la eternidad que nunca terminar\u00e1 en un c\u00edrculo blanco.<\/p>\n[\/vc_column_text][\/vc_column_inner][vc_column_inner width=&#8221;1\/3&#8243;][vc_single_image image=&#8221;8837&#8243; img_size=&#8221;full&#8221; qode_css_animation=&#8221;&#8221;][\/vc_column_inner][\/vc_row_inner][vc_empty_space height=&#8221;60px&#8221;][vc_single_image image=&#8221;10716&#8243; img_size=&#8221;full&#8221; alignment=&#8221;center&#8221; qode_css_animation=&#8221;&#8221;][vc_empty_space height=&#8221;60px&#8221;][\/vc_column][\/vc_row]\n","protected":false},"excerpt":{"rendered":"<p>[vc_row css_animation=&#8221;&#8221; row_type=&#8221;row&#8221; use_row_as_full_screen_section=&#8221;no&#8221; type=&#8221;full_width&#8221; angled_section=&#8221;no&#8221; text_align=&#8221;left&#8221; background_image_as_pattern=&#8221;without_pattern&#8221; z_index=&#8221;&#8221;][vc_column offset=&#8221;vc_hidden-sm vc_hidden-xs&#8221;][vc_single_image image=&#8221;8385&#8243; img_size=&#8221;full&#8221; qode_css_animation=&#8221;&#8221;][\/vc_column][\/vc_row][vc_row css_animation=&#8221;&#8221; row_type=&#8221;row&#8221; use_row_as_full_screen_section=&#8221;no&#8221; type=&#8221;full_width&#8221; angled_section=&#8221;no&#8221; text_align=&#8221;left&#8221; background_image_as_pattern=&#8221;without_pattern&#8221; z_index=&#8221;&#8221;][vc_column offset=&#8221;vc_hidden-lg vc_hidden-md&#8221;][vc_single_image image=&#8221;8388&#8243; img_size=&#8221;full&#8221; qode_css_animation=&#8221;&#8221;][\/vc_column][\/vc_row][vc_row css_animation=&#8221;&#8221; row_type=&#8221;row&#8221; use_row_as_full_screen_section=&#8221;no&#8221; type=&#8221;grid&#8221; angled_section=&#8221;no&#8221; text_align=&#8221;left&#8221; background_image_as_pattern=&#8221;without_pattern&#8221; background_color=&#8221;#000000&#8243; z_index=&#8221;&#8221;][vc_column css_animation=&#8221;fadeInLeftBig&#8221;][vc_empty_space height=&#8221;50px&#8221;][vc_row_inner row_type=&#8221;row&#8221; type=&#8221;full_width&#8221; text_align=&#8221;left&#8221; css_animation=&#8221;&#8221;][vc_column_inner width=&#8221;2\/3&#8243;][vc_column_text]Concurso Internacional de&#8230;<\/p>\n","protected":false},"author":3,"featured_media":0,"parent":0,"menu_order":0,"comment_status":"closed","ping_status":"closed","template":"full_width.php","meta":{"footnotes":""},"_links":{"self":[{"href":"https:\/\/www.bienaldelchaco.org\/2022\/wp-json\/wp\/v2\/pages\/8833"}],"collection":[{"href":"https:\/\/www.bienaldelchaco.org\/2022\/wp-json\/wp\/v2\/pages"}],"about":[{"href":"https:\/\/www.bienaldelchaco.org\/2022\/wp-json\/wp\/v2\/types\/page"}],"author":[{"embeddable":true,"href":"https:\/\/www.bienaldelchaco.org\/2022\/wp-json\/wp\/v2\/users\/3"}],"replies":[{"embeddable":true,"href":"https:\/\/www.bienaldelchaco.org\/2022\/wp-json\/wp\/v2\/comments?post=8833"}],"version-history":[{"count":7,"href":"https:\/\/www.bienaldelchaco.org\/2022\/wp-json\/wp\/v2\/pages\/8833\/revisions"}],"predecessor-version":[{"id":10717,"href":"https:\/\/www.bienaldelchaco.org\/2022\/wp-json\/wp\/v2\/pages\/8833\/revisions\/10717"}],"wp:attachment":[{"href":"https:\/\/www.bienaldelchaco.org\/2022\/wp-json\/wp\/v2\/media?parent=8833"}],"curies":[{"name":"wp","href":"https:\/\/api.w.org\/{rel}","templated":true}]}}

[vc_row css_animation=&#8221;&#8221; row_type=&#8221;row&#8221; use_row_as_full_screen_section=&#8221;no&#8221; type=&#8221;full_width&#8221; angled_section=&#8221;no&#8221; text_align=&#8221;left&#8221; background_image_as_pattern=&#8221;without_pattern&#8221; z_index=&#8221;&#8221;][vc_column offset=&#8221;vc_hidden-sm vc_hidden-xs&#8221;][vc_single_image image=&#8221;8385&#8243; img_size=&#8221;full&#8221; qode_css_animation=&#8221;&#8221;][/vc_column][/vc_row][vc_row css_animation=&#8221;&#8221; row_type=&#8221;row&#8221; use_row_as_full_screen_section=&#8221;no&#8221; type=&#8221;full_width&#8221; angled_section=&#8221;no&#8221; text_align=&#8221;left&#8221; background_image_as_pattern=&#8221;without_pattern&#8221; z_index=&#8221;&#8221;][vc_column offset=&#8221;vc_hidden-lg vc_hidden-md&#8221;][vc_single_image image=&#8221;8388&#8243; img_size=&#8221;full&#8221; qode_css_animation=&#8221;&#8221;][/vc_column][/vc_row][vc_row css_animation=&#8221;&#8221; row_type=&#8221;row&#8221; use_row_as_full_screen_section=&#8221;no&#8221; type=&#8221;grid&#8221; angled_section=&#8221;no&#8221; text_align=&#8221;left&#8221; background_image_as_pattern=&#8221;without_pattern&#8221; background_color=&#8221;#000000&#8243; z_index=&#8221;&#8221;][vc_column css_animation=&#8221;fadeInLeftBig&#8221;][vc_empty_space height=&#8221;50px&#8221;][vc_row_inner row_type=&#8221;row&#8221; type=&#8221;full_width&#8221; text_align=&#8221;left&#8221; css_animation=&#8221;&#8221;][vc_column_inner width=&#8221;2/3&#8243;][vc_column_text]<span style="font-family: 'Muli'; font-size: 30px; font-weight: bold; color: #ffffff;">Concurso Internacional de Escultura</span>[/vc_column_text][/vc_column_inner][vc_column_inner width=&#8221;1/3&#8243;][vc_column_text]
<p style="text-align: right;"><span style="color: #ffffff;"><a style="color: #ffffff;" href="https://www.bienaldelchaco.org/2022/bienal-de-escultura/"><span style="font-family: 'Muli'; font-size: 22px;">&lt; Volver</span></a></span></p>
[/vc_column_text][/vc_column_inner][/vc_row_inner][vc_column_text]<span style="font-family: 'Muli'; font-size: 20px; color: #ffffff;">16 al 23 de julio de 2022</span>[/vc_column_text][vc_separator css_animation=&#8221;none&#8221; type=&#8221;small&#8221; position=&#8221;left&#8221; color=&#8221;#ffffff&#8221; width=&#8221;50&#8243;][vc_empty_space height=&#8221;10px&#8221;][/vc_column][/vc_row][vc_row css_animation=&#8221;&#8221; row_type=&#8221;row&#8221; use_row_as_full_screen_section=&#8221;no&#8221; type=&#8221;full_width&#8221; angled_section=&#8221;no&#8221; text_align=&#8221;left&#8221; background_image_as_pattern=&#8221;without_pattern&#8221; background_color=&#8221;#000000&#8243; z_index=&#8221;&#8221;][vc_column css_animation=&#8221;fadeInLeftBig&#8221;][vc_empty_space height=&#8221;50px&#8221;][vc_row_inner row_type=&#8221;row&#8221; type=&#8221;grid&#8221; text_align=&#8221;left&#8221; css_animation=&#8221;&#8221;][vc_column_inner css=&#8221;.vc_custom_1643373532648{padding-left: 20px !important;}&#8221;][vc_column_text]
<h2 style="text-align: left; color: #ffffff;"><strong>Escultores Seleccionados</strong></h2>
[/vc_column_text][vc_separator css_animation=&#8221;none&#8221; type=&#8221;small&#8221; position=&#8221;left&#8221; color=&#8221;#ffffff&#8221; width=&#8221;50&#8243;][/vc_column_inner][/vc_row_inner][vc_empty_space height=&#8221;10px&#8221;][vc_row_inner row_type=&#8221;row&#8221; type=&#8221;grid&#8221; text_align=&#8221;left&#8221; css_animation=&#8221;&#8221;][vc_column_inner offset=&#8221;vc_hidden-sm vc_hidden-xs&#8221;][vc_single_image image=&#8221;8835&#8243; img_size=&#8221;full&#8221; alignment=&#8221;center&#8221; qode_css_animation=&#8221;element_from_fade&#8221;][vc_empty_space height=&#8221;30px&#8221;][/vc_column_inner][/vc_row_inner][vc_row_inner row_type=&#8221;row&#8221; type=&#8221;grid&#8221; text_align=&#8221;left&#8221; css_animation=&#8221;&#8221;][vc_column_inner offset=&#8221;vc_hidden-lg vc_hidden-md&#8221;][vc_single_image image=&#8221;9428&#8243; img_size=&#8221;full&#8221; alignment=&#8221;center&#8221; qode_css_animation=&#8221;element_from_fade&#8221;][vc_empty_space height=&#8221;30px&#8221;][/vc_column_inner][/vc_row_inner][vc_row_inner row_type=&#8221;row&#8221; type=&#8221;grid&#8221; text_align=&#8221;left&#8221; css_animation=&#8221;&#8221;][vc_column_inner css=&#8221;.vc_custom_1643373532648{padding-left: 20px !important;}&#8221;][vc_empty_space height=&#8221;60px&#8221;][vc_column_text]
<h2 style="text-align: left; color: #ffffff;"><strong>Premios Obtenidos</strong></h2>
[/vc_column_text][vc_separator css_animation=&#8221;none&#8221; type=&#8221;small&#8221; position=&#8221;left&#8221; color=&#8221;#ffffff&#8221; width=&#8221;50&#8243;][vc_empty_space height=&#8221;30px&#8221;][vc_single_image image=&#8221;10463&#8243; img_size=&#8221;full&#8221; qode_css_animation=&#8221;element_from_fade&#8221;][vc_single_image image=&#8221;10468&#8243; img_size=&#8221;full&#8221; qode_css_animation=&#8221;element_from_fade&#8221;][vc_empty_space height=&#8221;60px&#8221;][/vc_column_inner][/vc_row_inner][vc_row_inner row_type=&#8221;row&#8221; type=&#8221;grid&#8221; text_align=&#8221;left&#8221; css_animation=&#8221;&#8221;][vc_column_inner width=&#8221;2/3&#8243;][vc_empty_space height=&#8221;30px&#8221;][vc_column_text]
<p style="color: #ffffff; padding-bottom: 20px; font-size: 16px;">Nacido el 17 de enero de 1965. Provincia de Chung Buk, República de Corea.</p>
<p style="color: #ffffff; padding-bottom: 20px; font-size: 16px;">1994 Universidad Mok Won ….. Máster (Tesis de maestría &#8220;Investigación sobre la belleza natural y artificial de la piedra&#8221;).</p>
<p style="color: #ffffff; padding-bottom: 20px; font-size: 16px;"><strong>Premios</strong>:<br />
• 1994 Gran Premio: Primer Concurso Abierto de Escultura Asiática OITA.<br />
• 1997 Premio al Director Principal: Gran Concurso de Escultura Ambiental de Corea.<br />
• 2009 Segundo Premio: 5º Concurso de Talla en Piedra de China (HUI AN).<br />
• 2012 Segundo Premio de Plata de “Liu Kaiqu Award” Wuhu &#8211; China.<br />
• 2013 Premios de la Bienal Internacional de Escultura de Lih-Pao en TAIWÁN (Premio a la Excelencia).<br />
• 2015 7º Simposio Internacional Anual de Escultura de Tehrán. 1º Premio.<br />
• 2016 3º Bienal Internacional de Escultura en Taiwán Lih- Pao (Premio a la Excelencia).</p>
[/vc_column_text][/vc_column_inner][/vc_row_inner][vc_empty_space height=&#8221;60px&#8221;][vc_row_inner row_type=&#8221;row&#8221; type=&#8221;grid&#8221; text_align=&#8221;left&#8221; css_animation=&#8221;&#8221;][vc_column_inner width=&#8221;2/3&#8243;][vc_empty_space height=&#8221;60px&#8221;][vc_column_text]
<h2 style="text-align: left; color: #ffffff;"><strong>Proyecto</strong></h2>
[/vc_column_text][vc_separator css_animation=&#8221;none&#8221; type=&#8221;small&#8221; position=&#8221;left&#8221; color=&#8221;#ffffff&#8221; width=&#8221;50&#8243;][vc_single_image image=&#8221;8838&#8243; img_size=&#8221;full&#8221; qode_css_animation=&#8221;&#8221;][vc_empty_space height=&#8221;30px&#8221;][vc_column_text]
<p style="color: #ffffff; padding-bottom: 20px; font-size: 16px;">El ser humano debe convivir con la naturaleza. Si no respetamos la naturaleza, la supervivencia de la humanidad se verá amenazada. Pretendo contar en la obra la infinita esperanza de la civilización humana en la naturaleza. El prototipo de la célula básica de la vida está estructuralmente enumerado y compuesto. Expresa la eternidad de nuestra humanidad que nunca terminará. En contraste con el color de la piedra, expresa la composición cromática y la eternidad y esperanza de la humanidad. Simboliza avanzar hacia una visión de la eternidad que nunca terminará en un círculo blanco.</p>
[/vc_column_text][/vc_column_inner][vc_column_inner width=&#8221;1/3&#8243;][vc_single_image image=&#8221;8837&#8243; img_size=&#8221;full&#8221; qode_css_animation=&#8221;&#8221;][/vc_column_inner][/vc_row_inner][vc_empty_space height=&#8221;60px&#8221;][vc_single_image image=&#8221;10716&#8243; img_size=&#8221;full&#8221; alignment=&#8221;center&#8221; qode_css_animation=&#8221;&#8221;][vc_empty_space height=&#8221;60px&#8221;][/vc_column][/vc_row]
