{"id":8881,"date":"2022-04-05T19:52:38","date_gmt":"2022-04-05T22:52:38","guid":{"rendered":"https:\/\/www.bienaldelchaco.org\/2022\/?page_id=8881"},"modified":"2022-06-01T11:19:50","modified_gmt":"2022-06-01T14:19:50","slug":"bienal-de-escultura-francisco-gazitua-costabal","status":"publish","type":"page","link":"https:\/\/www.bienaldelchaco.org\/2022\/bienal-de-escultura-francisco-gazitua-costabal\/","title":{"rendered":"Bienal de Escultura &#8211; Francisco Gazitua Costabal"},"content":{"rendered":"[vc_row css_animation=&#8221;&#8221; row_type=&#8221;row&#8221; use_row_as_full_screen_section=&#8221;no&#8221; type=&#8221;full_width&#8221; angled_section=&#8221;no&#8221; text_align=&#8221;left&#8221; background_image_as_pattern=&#8221;without_pattern&#8221; z_index=&#8221;&#8221;][vc_column offset=&#8221;vc_hidden-sm vc_hidden-xs&#8221;][vc_single_image image=&#8221;8385&#8243; img_size=&#8221;full&#8221; qode_css_animation=&#8221;&#8221;][\/vc_column][\/vc_row][vc_row css_animation=&#8221;&#8221; row_type=&#8221;row&#8221; use_row_as_full_screen_section=&#8221;no&#8221; type=&#8221;full_width&#8221; angled_section=&#8221;no&#8221; text_align=&#8221;left&#8221; background_image_as_pattern=&#8221;without_pattern&#8221; z_index=&#8221;&#8221;][vc_column offset=&#8221;vc_hidden-lg vc_hidden-md&#8221;][vc_single_image image=&#8221;8388&#8243; img_size=&#8221;full&#8221; qode_css_animation=&#8221;&#8221;][\/vc_column][\/vc_row][vc_row css_animation=&#8221;&#8221; row_type=&#8221;row&#8221; use_row_as_full_screen_section=&#8221;no&#8221; type=&#8221;grid&#8221; angled_section=&#8221;no&#8221; text_align=&#8221;left&#8221; background_image_as_pattern=&#8221;without_pattern&#8221; z_index=&#8221;&#8221;][vc_column css_animation=&#8221;fadeInLeftBig&#8221;][vc_empty_space height=&#8221;50px&#8221;][vc_row_inner row_type=&#8221;row&#8221; type=&#8221;full_width&#8221; text_align=&#8221;left&#8221; css_animation=&#8221;&#8221;][vc_column_inner width=&#8221;2\/3&#8243;][vc_column_text]<span style=\"font-family: Muli; font-size: 30px; font-weight: bold; color: #000000;\">Concurso Internacional de Escultura<\/span>[\/vc_column_text][\/vc_column_inner][vc_column_inner width=&#8221;1\/3&#8243;][vc_column_text]\n<p style=\"text-align: right;\"><a href=\"https:\/\/www.bienaldelchaco.org\/2022\/bienal-de-escultura\/\"><span style=\"font-family: 'Muli'; font-size: 22px;\">&lt; Volver<\/span><\/a><\/p>\n[\/vc_column_text][\/vc_column_inner][\/vc_row_inner][vc_column_text]<span style=\"font-family: Muli; font-size: 20px; color: #000000;\">16 al 23 de julio de 2022<\/span>[\/vc_column_text][vc_separator css_animation=&#8221;none&#8221; type=&#8221;small&#8221; position=&#8221;left&#8221; color=&#8221;#000000&#8243; width=&#8221;50&#8243;][vc_empty_space height=&#8221;10px&#8221;][\/vc_column][\/vc_row][vc_row css_animation=&#8221;&#8221; row_type=&#8221;row&#8221; use_row_as_full_screen_section=&#8221;no&#8221; type=&#8221;full_width&#8221; angled_section=&#8221;no&#8221; text_align=&#8221;left&#8221; background_image_as_pattern=&#8221;without_pattern&#8221; z_index=&#8221;&#8221;][vc_column css_animation=&#8221;fadeInLeftBig&#8221;][vc_empty_space height=&#8221;50px&#8221;][vc_row_inner row_type=&#8221;row&#8221; type=&#8221;grid&#8221; text_align=&#8221;left&#8221; css_animation=&#8221;&#8221;][vc_column_inner css=&#8221;.vc_custom_1643373532648{padding-left: 20px !important;}&#8221;][vc_column_text]\n<h2 style=\"text-align: left; color: #ffffff;\"><span style=\"color: #000000;\"><strong>Honorable Jurado<\/strong><\/span><\/h2>\n[\/vc_column_text][vc_separator css_animation=&#8221;none&#8221; type=&#8221;small&#8221; position=&#8221;left&#8221; color=&#8221;#000000&#8243; width=&#8221;50&#8243;][\/vc_column_inner][\/vc_row_inner][vc_empty_space height=&#8221;10px&#8221;][vc_row_inner row_type=&#8221;row&#8221; type=&#8221;grid&#8221; text_align=&#8221;left&#8221; css_animation=&#8221;&#8221;][vc_column_inner offset=&#8221;vc_hidden-sm vc_hidden-xs&#8221;][vc_single_image image=&#8221;8879&#8243; img_size=&#8221;full&#8221; alignment=&#8221;center&#8221; qode_css_animation=&#8221;element_from_fade&#8221;][vc_empty_space height=&#8221;30px&#8221;][\/vc_column_inner][\/vc_row_inner][vc_row_inner row_type=&#8221;row&#8221; type=&#8221;grid&#8221; text_align=&#8221;left&#8221; css_animation=&#8221;&#8221;][vc_column_inner offset=&#8221;vc_hidden-lg vc_hidden-md&#8221;][vc_single_image image=&#8221;9421&#8243; img_size=&#8221;full&#8221; alignment=&#8221;center&#8221; qode_css_animation=&#8221;element_from_fade&#8221;][vc_empty_space height=&#8221;30px&#8221;][\/vc_column_inner][\/vc_row_inner][vc_row_inner row_type=&#8221;row&#8221; type=&#8221;grid&#8221; text_align=&#8221;left&#8221; css_animation=&#8221;&#8221;][vc_column_inner width=&#8221;2\/3&#8243;][vc_empty_space height=&#8221;30px&#8221;][vc_column_text]\n<p style=\"color: #000000; padding-bottom: 20px; font-size: 16px;\">Vive y trabaja, desde hace 35 a\u00f1os en una cantera en Los Andes Chile Las monta\u00f1as de Sudam\u00e9rica son el tema y contenido de su obra escult\u00f3rica.<\/p>\n<p style=\"color: #000000; padding-bottom: 20px; font-size: 16px;\">Esculturas en el espacio p\u00fablico en Chile, Inglaterra, Holanda, Croacia, Eslovenia, Argentina, Suecia, Bolivia, Costa rica, Canad\u00e1, L\u00edbano, M\u00e9xico. Figura destacada del arte en el espacio p\u00fablico del mundo un referente te\u00f3rico en el tema. &#8220;La escultura est\u00e1 en el espacio p\u00fablico no est\u00e1&#8221; Su \u00faltima Gran escultura Transitable &#8220;Puente de luz&#8221; de 100 mt de largo es un icono de la ciudad de Toronto. Docencia: 35 a\u00f1os en universidades de Chile,7 a\u00f1os como profesor en Londres en St Martuins School of Arts, Royal College of Arts ,Hamstead School of Art, City Lyt yKornarija, en Kroacia. Formador 3 escuelas de escultura en chile y el mundo. Organizador de quince simposios internacionales de escultura. Es autor de 12 libros,en el tema de la escultura. Miembro de la Academie des Beaux Art de Belgique en reemplazo del escultor brit\u00e1nico Lynn Chadwick ,<\/p>\n<p style=\"color: #000000; padding-bottom: 20px; font-size: 16px;\">\u2022 Honorary fellow de Saras InstituteThe South American Institute for Resilience and Sustainability Studies.<br \/>\n\u2022 2017 &#8211; Professor &#8211; Patron of Hamstead School of Art Londres.<br \/>\n\u2022 2017 &#8211; Miembro de la Academia Chilena de Bellas Artes.<br \/>\n\u2022 2019 &#8211; Miembro a la Royal Society of British Sculptors .<\/p>\n[\/vc_column_text][\/vc_column_inner][\/vc_row_inner][vc_empty_space height=&#8221;30px&#8221;][vc_empty_space height=&#8221;300px&#8221;][\/vc_column][\/vc_row]\n","protected":false},"excerpt":{"rendered":"<p>[vc_row css_animation=&#8221;&#8221; row_type=&#8221;row&#8221; use_row_as_full_screen_section=&#8221;no&#8221; type=&#8221;full_width&#8221; angled_section=&#8221;no&#8221; text_align=&#8221;left&#8221; background_image_as_pattern=&#8221;without_pattern&#8221; z_index=&#8221;&#8221;][vc_column offset=&#8221;vc_hidden-sm vc_hidden-xs&#8221;][vc_single_image image=&#8221;8385&#8243; img_size=&#8221;full&#8221; qode_css_animation=&#8221;&#8221;][\/vc_column][\/vc_row][vc_row css_animation=&#8221;&#8221; row_type=&#8221;row&#8221; use_row_as_full_screen_section=&#8221;no&#8221; type=&#8221;full_width&#8221; angled_section=&#8221;no&#8221; text_align=&#8221;left&#8221; background_image_as_pattern=&#8221;without_pattern&#8221; z_index=&#8221;&#8221;][vc_column offset=&#8221;vc_hidden-lg vc_hidden-md&#8221;][vc_single_image image=&#8221;8388&#8243; img_size=&#8221;full&#8221; qode_css_animation=&#8221;&#8221;][\/vc_column][\/vc_row][vc_row css_animation=&#8221;&#8221; row_type=&#8221;row&#8221; use_row_as_full_screen_section=&#8221;no&#8221; type=&#8221;grid&#8221; angled_section=&#8221;no&#8221; text_align=&#8221;left&#8221; background_image_as_pattern=&#8221;without_pattern&#8221; z_index=&#8221;&#8221;][vc_column css_animation=&#8221;fadeInLeftBig&#8221;][vc_empty_space height=&#8221;50px&#8221;][vc_row_inner row_type=&#8221;row&#8221; type=&#8221;full_width&#8221; text_align=&#8221;left&#8221; css_animation=&#8221;&#8221;][vc_column_inner width=&#8221;2\/3&#8243;][vc_column_text]Concurso Internacional de Escultura[\/vc_column_text][\/vc_column_inner][vc_column_inner&#8230;<\/p>\n","protected":false},"author":3,"featured_media":0,"parent":0,"menu_order":0,"comment_status":"closed","ping_status":"closed","template":"full_width.php","meta":{"footnotes":""},"_links":{"self":[{"href":"https:\/\/www.bienaldelchaco.org\/2022\/wp-json\/wp\/v2\/pages\/8881"}],"collection":[{"href":"https:\/\/www.bienaldelchaco.org\/2022\/wp-json\/wp\/v2\/pages"}],"about":[{"href":"https:\/\/www.bienaldelchaco.org\/2022\/wp-json\/wp\/v2\/types\/page"}],"author":[{"embeddable":true,"href":"https:\/\/www.bienaldelchaco.org\/2022\/wp-json\/wp\/v2\/users\/3"}],"replies":[{"embeddable":true,"href":"https:\/\/www.bienaldelchaco.org\/2022\/wp-json\/wp\/v2\/comments?post=8881"}],"version-history":[{"count":3,"href":"https:\/\/www.bienaldelchaco.org\/2022\/wp-json\/wp\/v2\/pages\/8881\/revisions"}],"predecessor-version":[{"id":9423,"href":"https:\/\/www.bienaldelchaco.org\/2022\/wp-json\/wp\/v2\/pages\/8881\/revisions\/9423"}],"wp:attachment":[{"href":"https:\/\/www.bienaldelchaco.org\/2022\/wp-json\/wp\/v2\/media?parent=8881"}],"curies":[{"name":"wp","href":"https:\/\/api.w.org\/{rel}","templated":true}]}}

[vc_row css_animation=&#8221;&#8221; row_type=&#8221;row&#8221; use_row_as_full_screen_section=&#8221;no&#8221; type=&#8221;full_width&#8221; angled_section=&#8221;no&#8221; text_align=&#8221;left&#8221; background_image_as_pattern=&#8221;without_pattern&#8221; z_index=&#8221;&#8221;][vc_column offset=&#8221;vc_hidden-sm vc_hidden-xs&#8221;][vc_single_image image=&#8221;8385&#8243; img_size=&#8221;full&#8221; qode_css_animation=&#8221;&#8221;][/vc_column][/vc_row][vc_row css_animation=&#8221;&#8221; row_type=&#8221;row&#8221; use_row_as_full_screen_section=&#8221;no&#8221; type=&#8221;full_width&#8221; angled_section=&#8221;no&#8221; text_align=&#8221;left&#8221; background_image_as_pattern=&#8221;without_pattern&#8221; z_index=&#8221;&#8221;][vc_column offset=&#8221;vc_hidden-lg vc_hidden-md&#8221;][vc_single_image image=&#8221;8388&#8243; img_size=&#8221;full&#8221; qode_css_animation=&#8221;&#8221;][/vc_column][/vc_row][vc_row css_animation=&#8221;&#8221; row_type=&#8221;row&#8221; use_row_as_full_screen_section=&#8221;no&#8221; type=&#8221;grid&#8221; angled_section=&#8221;no&#8221; text_align=&#8221;left&#8221; background_image_as_pattern=&#8221;without_pattern&#8221; z_index=&#8221;&#8221;][vc_column css_animation=&#8221;fadeInLeftBig&#8221;][vc_empty_space height=&#8221;50px&#8221;][vc_row_inner row_type=&#8221;row&#8221; type=&#8221;full_width&#8221; text_align=&#8221;left&#8221; css_animation=&#8221;&#8221;][vc_column_inner width=&#8221;2/3&#8243;][vc_column_text]<span style="font-family: Muli; font-size: 30px; font-weight: bold; color: #000000;">Concurso Internacional de Escultura</span>[/vc_column_text][/vc_column_inner][vc_column_inner width=&#8221;1/3&#8243;][vc_column_text]
<p style="text-align: right;"><a href="https://www.bienaldelchaco.org/2022/bienal-de-escultura/"><span style="font-family: 'Muli'; font-size: 22px;">&lt; Volver</span></a></p>
[/vc_column_text][/vc_column_inner][/vc_row_inner][vc_column_text]<span style="font-family: Muli; font-size: 20px; color: #000000;">16 al 23 de julio de 2022</span>[/vc_column_text][vc_separator css_animation=&#8221;none&#8221; type=&#8221;small&#8221; position=&#8221;left&#8221; color=&#8221;#000000&#8243; width=&#8221;50&#8243;][vc_empty_space height=&#8221;10px&#8221;][/vc_column][/vc_row][vc_row css_animation=&#8221;&#8221; row_type=&#8221;row&#8221; use_row_as_full_screen_section=&#8221;no&#8221; type=&#8221;full_width&#8221; angled_section=&#8221;no&#8221; text_align=&#8221;left&#8221; background_image_as_pattern=&#8221;without_pattern&#8221; z_index=&#8221;&#8221;][vc_column css_animation=&#8221;fadeInLeftBig&#8221;][vc_empty_space height=&#8221;50px&#8221;][vc_row_inner row_type=&#8221;row&#8221; type=&#8221;grid&#8221; text_align=&#8221;left&#8221; css_animation=&#8221;&#8221;][vc_column_inner css=&#8221;.vc_custom_1643373532648{padding-left: 20px !important;}&#8221;][vc_column_text]
<h2 style="text-align: left; color: #ffffff;"><span style="color: #000000;"><strong>Honorable Jurado</strong></span></h2>
[/vc_column_text][vc_separator css_animation=&#8221;none&#8221; type=&#8221;small&#8221; position=&#8221;left&#8221; color=&#8221;#000000&#8243; width=&#8221;50&#8243;][/vc_column_inner][/vc_row_inner][vc_empty_space height=&#8221;10px&#8221;][vc_row_inner row_type=&#8221;row&#8221; type=&#8221;grid&#8221; text_align=&#8221;left&#8221; css_animation=&#8221;&#8221;][vc_column_inner offset=&#8221;vc_hidden-sm vc_hidden-xs&#8221;][vc_single_image image=&#8221;8879&#8243; img_size=&#8221;full&#8221; alignment=&#8221;center&#8221; qode_css_animation=&#8221;element_from_fade&#8221;][vc_empty_space height=&#8221;30px&#8221;][/vc_column_inner][/vc_row_inner][vc_row_inner row_type=&#8221;row&#8221; type=&#8221;grid&#8221; text_align=&#8221;left&#8221; css_animation=&#8221;&#8221;][vc_column_inner offset=&#8221;vc_hidden-lg vc_hidden-md&#8221;][vc_single_image image=&#8221;9421&#8243; img_size=&#8221;full&#8221; alignment=&#8221;center&#8221; qode_css_animation=&#8221;element_from_fade&#8221;][vc_empty_space height=&#8221;30px&#8221;][/vc_column_inner][/vc_row_inner][vc_row_inner row_type=&#8221;row&#8221; type=&#8221;grid&#8221; text_align=&#8221;left&#8221; css_animation=&#8221;&#8221;][vc_column_inner width=&#8221;2/3&#8243;][vc_empty_space height=&#8221;30px&#8221;][vc_column_text]
<p style="color: #000000; padding-bottom: 20px; font-size: 16px;">Vive y trabaja, desde hace 35 años en una cantera en Los Andes Chile Las montañas de Sudamérica son el tema y contenido de su obra escultórica.</p>
<p style="color: #000000; padding-bottom: 20px; font-size: 16px;">Esculturas en el espacio público en Chile, Inglaterra, Holanda, Croacia, Eslovenia, Argentina, Suecia, Bolivia, Costa rica, Canadá, Líbano, México. Figura destacada del arte en el espacio público del mundo un referente teórico en el tema. &#8220;La escultura está en el espacio público no está&#8221; Su última Gran escultura Transitable &#8220;Puente de luz&#8221; de 100 mt de largo es un icono de la ciudad de Toronto. Docencia: 35 años en universidades de Chile,7 años como profesor en Londres en St Martuins School of Arts, Royal College of Arts ,Hamstead School of Art, City Lyt yKornarija, en Kroacia. Formador 3 escuelas de escultura en chile y el mundo. Organizador de quince simposios internacionales de escultura. Es autor de 12 libros,en el tema de la escultura. Miembro de la Academie des Beaux Art de Belgique en reemplazo del escultor británico Lynn Chadwick ,</p>
<p style="color: #000000; padding-bottom: 20px; font-size: 16px;">• Honorary fellow de Saras InstituteThe South American Institute for Resilience and Sustainability Studies.<br />
• 2017 &#8211; Professor &#8211; Patron of Hamstead School of Art Londres.<br />
• 2017 &#8211; Miembro de la Academia Chilena de Bellas Artes.<br />
• 2019 &#8211; Miembro a la Royal Society of British Sculptors .</p>
[/vc_column_text][/vc_column_inner][/vc_row_inner][vc_empty_space height=&#8221;30px&#8221;][vc_empty_space height=&#8221;300px&#8221;][/vc_column][/vc_row]
