{"id":12388,"date":"2024-05-16T19:53:20","date_gmt":"2024-05-16T22:53:20","guid":{"rendered":"https:\/\/www.bienaldelchaco.org\/2024\/?page_id=12388"},"modified":"2024-05-16T20:39:29","modified_gmt":"2024-05-16T23:39:29","slug":"bienal-de-escultura-ramon-morales-rossi","status":"publish","type":"page","link":"https:\/\/www.bienaldelchaco.org\/2024\/bienal-de-escultura-ramon-morales-rossi\/","title":{"rendered":"Bienal de Escultura &#8211; Ram\u00f3n Morales Rossi"},"content":{"rendered":"[vc_row css_animation=&#8221;&#8221; row_type=&#8221;row&#8221; use_row_as_full_screen_section=&#8221;no&#8221; type=&#8221;full_width&#8221; angled_section=&#8221;no&#8221; text_align=&#8221;center&#8221; background_image_as_pattern=&#8221;without_pattern&#8221; z_index=&#8221;&#8221;][vc_column offset=&#8221;vc_hidden-xs&#8221;][layerslider_vc id=&#8221;11&#8243;][\/vc_column][\/vc_row][vc_row css_animation=&#8221;&#8221; row_type=&#8221;row&#8221; use_row_as_full_screen_section=&#8221;no&#8221; type=&#8221;full_width&#8221; angled_section=&#8221;no&#8221; text_align=&#8221;center&#8221; background_image_as_pattern=&#8221;without_pattern&#8221; z_index=&#8221;&#8221;][vc_column offset=&#8221;vc_hidden-lg vc_hidden-md vc_hidden-sm&#8221;][layerslider_vc id=&#8221;12&#8243;][\/vc_column][\/vc_row][vc_row css_animation=&#8221;&#8221; row_type=&#8221;row&#8221; use_row_as_full_screen_section=&#8221;no&#8221; type=&#8221;grid&#8221; angled_section=&#8221;no&#8221; text_align=&#8221;left&#8221; background_image_as_pattern=&#8221;without_pattern&#8221; z_index=&#8221;&#8221;][vc_column css_animation=&#8221;fadeInLeftBig&#8221;][vc_empty_space height=&#8221;50px&#8221;][vc_row_inner row_type=&#8221;row&#8221; type=&#8221;full_width&#8221; text_align=&#8221;left&#8221; css_animation=&#8221;&#8221;][vc_column_inner width=&#8221;2\/3&#8243;][vc_column_text]<span style=\"font-family: Muli; font-size: 28px; font-weight: bold; color: #000000;\">Concurso Internacional de Escultura<\/span>[\/vc_column_text][\/vc_column_inner][vc_column_inner width=&#8221;1\/3&#8243;][vc_column_text]\n<p style=\"text-align: right;\"><span style=\"color: #000000;\"><a style=\"color: #000000;\" href=\"https:\/\/www.bienaldelchaco.org\/2024\/bienal-de-escultura\/\"><span style=\"font-family: 'Muli'; font-size: 22px;\">&lt; Volver<\/span><\/a><\/span><\/p>\n[\/vc_column_text][\/vc_column_inner][\/vc_row_inner][vc_column_text]<span style=\"font-family: 'Muli'; font-size: 20px; color: #696969;\">13 al 20 de julio de 2024<\/span>[\/vc_column_text][vc_separator css_animation=&#8221;none&#8221; type=&#8221;small&#8221; position=&#8221;left&#8221; color=&#8221;#000000&#8243; width=&#8221;50&#8243;][vc_empty_space height=&#8221;25px&#8221;][\/vc_column][\/vc_row][vc_row css_animation=&#8221;&#8221; row_type=&#8221;row&#8221; use_row_as_full_screen_section=&#8221;no&#8221; type=&#8221;full_width&#8221; angled_section=&#8221;no&#8221; text_align=&#8221;left&#8221; background_image_as_pattern=&#8221;without_pattern&#8221; z_index=&#8221;&#8221;][vc_column parallax=&#8221;content-moving-fade&#8221; parallax_image=&#8221;12048&#8243; parallax_speed_bg=&#8221;3.5&#8243; css_animation=&#8221;none&#8221;][vc_row_inner row_type=&#8221;row&#8221; type=&#8221;grid&#8221; text_align=&#8221;left&#8221; css_animation=&#8221;&#8221;][vc_column_inner css=&#8221;.vc_custom_1713884337213{padding-left: 20px !important;}&#8221; offset=&#8221;vc_hidden-sm vc_hidden-xs&#8221;][vc_empty_space height=&#8221;50px&#8221;][vc_column_text]\n<h2 style=\"text-align: left; color: #ffffff;\"><strong>Honorable jurado<\/strong><\/h2>\n[\/vc_column_text][vc_separator css_animation=&#8221;none&#8221; type=&#8221;small&#8221; position=&#8221;left&#8221; color=&#8221;#ffffff&#8221; width=&#8221;50&#8243;][vc_empty_space height=&#8221;10px&#8221;][vc_empty_space height=&#8221;60px&#8221;][\/vc_column_inner][\/vc_row_inner][vc_row_inner row_type=&#8221;row&#8221; type=&#8221;grid&#8221; text_align=&#8221;left&#8221; css_animation=&#8221;&#8221;][vc_column_inner css=&#8221;.vc_custom_1713884344908{padding-left: 20px !important;}&#8221; offset=&#8221;vc_hidden-lg vc_hidden-md&#8221;][vc_empty_space height=&#8221;20px&#8221;][vc_column_text]\n<h2 style=\"text-align: left; color: #ffffff;\"><strong>Honorable Jurado<\/strong><\/h2>\n[\/vc_column_text][vc_separator css_animation=&#8221;none&#8221; type=&#8221;small&#8221; position=&#8221;left&#8221; color=&#8221;#ffffff&#8221; width=&#8221;50&#8243;][vc_empty_space height=&#8221;40px&#8221;][\/vc_column_inner][\/vc_row_inner][\/vc_column][\/vc_row][vc_row css_animation=&#8221;element_from_bottom&#8221; row_type=&#8221;row&#8221; use_row_as_full_screen_section=&#8221;no&#8221; type=&#8221;full_width&#8221; angled_section=&#8221;no&#8221; text_align=&#8221;left&#8221; background_image_as_pattern=&#8221;without_pattern&#8221; background_color=&#8221;#181818&#8243; transition_delay=&#8221;1600&#8243; z_index=&#8221;&#8221;][vc_column offset=&#8221;vc_hidden-sm vc_hidden-xs&#8221;][vc_row_inner row_type=&#8221;row&#8221; type=&#8221;grid&#8221; text_align=&#8221;left&#8221; css_animation=&#8221;&#8221;][vc_column_inner width=&#8221;1\/3&#8243;][vc_single_image image=&#8221;12399&#8243; img_size=&#8221;full&#8221; qode_css_animation=&#8221;&#8221;][vc_empty_space height=&#8221;160px&#8221;][vc_column_text]<span style=\"font-family: Arial; font-size: 36px; font-weight: bold; color: #ffffff;\">Ram\u00f3n<br \/>\nMonrales Rossi<\/span>[\/vc_column_text][vc_empty_space height=&#8221;10px&#8221;][vc_column_text]\n<h6><span style=\"color: #ffffff;\"><em><span style=\"font-size: 28px; font-weight: bold;\">Venezuela<\/span><\/em><\/span><\/h6>\n[\/vc_column_text][vc_empty_space height=&#8221;50px&#8221;][\/vc_column_inner][vc_column_inner width=&#8221;2\/3&#8243; css=&#8221;.vc_custom_1713976524333{margin-top: -35% !important;}&#8221;][vc_single_image image=&#8221;12403&#8243; img_size=&#8221;full&#8221; onclick=&#8221;custom_link&#8221; img_link_target=&#8221;_blank&#8221; qode_css_animation=&#8221;&#8221; link=&#8221;https:\/\/www.instagram.com\/bernardiluisdaniel&#8221;][\/vc_column_inner][\/vc_row_inner][\/vc_column][\/vc_row][vc_row css_animation=&#8221;element_from_bottom&#8221; row_type=&#8221;row&#8221; use_row_as_full_screen_section=&#8221;no&#8221; type=&#8221;full_width&#8221; angled_section=&#8221;no&#8221; text_align=&#8221;left&#8221; background_image_as_pattern=&#8221;without_pattern&#8221; background_color=&#8221;#181818&#8243; transition_delay=&#8221;1000&#8243; z_index=&#8221;&#8221;][vc_column offset=&#8221;vc_hidden-lg vc_hidden-md&#8221;][vc_row_inner row_type=&#8221;row&#8221; type=&#8221;grid&#8221; text_align=&#8221;left&#8221; css_animation=&#8221;&#8221;][vc_column_inner width=&#8221;2\/3&#8243; css=&#8221;.vc_custom_1713977901517{margin-top: -12% !important;}&#8221;][vc_single_image image=&#8221;12403&#8243; img_size=&#8221;full&#8221; onclick=&#8221;custom_link&#8221; img_link_target=&#8221;_blank&#8221; qode_css_animation=&#8221;&#8221; link=&#8221;https:\/\/www.instagram.com\/bernardiluisdaniel&#8221;][\/vc_column_inner][vc_column_inner width=&#8221;1\/3&#8243;][vc_empty_space height=&#8221;50px&#8221;][vc_single_image image=&#8221;12399&#8243; img_size=&#8221;full&#8221; qode_css_animation=&#8221;&#8221;][vc_empty_space height=&#8221;50px&#8221;][vc_column_text]<span style=\"font-family: Arial; font-size: 36px; font-weight: bold; color: #ffffff;\">Ram\u00f3n<br \/>\nMonrales Rossi<\/span>[\/vc_column_text][vc_empty_space height=&#8221;10px&#8221;][vc_column_text]\n<h6><span style=\"color: #ffffff;\"><em><span style=\"font-size: 28px; font-weight: bold;\">Venezuela<\/span><\/em><\/span><\/h6>\n[\/vc_column_text][vc_empty_space height=&#8221;50px&#8221;][\/vc_column_inner][\/vc_row_inner][\/vc_column][\/vc_row][vc_row css_animation=&#8221;element_from_left&#8221; row_type=&#8221;row&#8221; use_row_as_full_screen_section=&#8221;no&#8221; type=&#8221;full_width&#8221; angled_section=&#8221;no&#8221; text_align=&#8221;left&#8221; background_image_as_pattern=&#8221;without_pattern&#8221; background_color=&#8221;#181818&#8243; z_index=&#8221;&#8221;][vc_column][vc_row_inner row_type=&#8221;row&#8221; type=&#8221;grid&#8221; text_align=&#8221;left&#8221; css_animation=&#8221;&#8221;][vc_column_inner width=&#8221;1\/3&#8243;][vc_empty_space][vc_column_text]<span style=\"color: #ffffff;\">Naci\u00f3 en 1950 en la ciudad de<\/span><br \/>\n<span style=\"color: #ffffff;\">Bolivar, Venezuela. Es escultor, artista<\/span><br \/>\n<span style=\"color: #ffffff;\">pl\u00e1stico, m\u00fasico y se autodefine<\/span><br \/>\n<span style=\"color: #ffffff;\">como &#8220;artista Guayan\u00e9s de piedras,<\/span><br \/>\n<span style=\"color: #ffffff;\">arena y rios&#8221;.<\/span>[\/vc_column_text][vc_empty_space][\/vc_column_inner][vc_column_inner width=&#8221;2\/3&#8243;][vc_empty_space][vc_column_text]<span style=\"color: #ffffff;\"><strong>Distinciones:<\/strong><\/span>[\/vc_column_text][vc_empty_space height=&#8221;12px&#8221;][vc_column_text css=&#8221;.vc_custom_1715902762337{padding-right: 8% !important;}&#8221;]<span style=\"color: #ffffff;\"><strong>2009.<\/strong> Primer Premio del Sal\u00f3n Teresa Carre\u00f1o de Caracas (Venezuela).<\/span><br \/>\n<span style=\"color: #ffffff;\"><strong>2002.<\/strong> Menci\u00f3n honor\u00edfica del Primer Sal\u00f3n del Tallado en Azabache. Museo de Ciudad Bol\u00edvar (Venezuela). <strong>1999.<\/strong> Segundo Premio del Fondo para el Desarrollo de Nueva Esparta. Museo de Arte Contempor\u00e1neo Francisco Narv\u00e1ez de Porlamar (Venezuela). <strong>1998.<\/strong> Primer Premio del Concurso de Artes Pl\u00e1sticas Alejandro Otero de la Direcci\u00f3n Cultural de Ciudad Bol\u00edvar (Venezuela). <strong>1988.<\/strong> Segundo Premio Museo de Cumana del Estado Sucre (Venezuela). <strong>1986.<\/strong> Primer Premio del Tercer Sal\u00f3n de la Fundaci\u00f3n Orinoco de Puerto Ordaz (Venezuela). <strong>1977.<\/strong> Segundo Premio. Sal\u00f3n Nacional Centro Plaza. Caracas. (Venezuela). 1967. Segundo Premio del Sal\u00f3n Alejandro Otero del Ateneo Carlos Ra\u00fal Villanueva de Ciudad Bol\u00edvar (Venezuela).<\/span><\/p>\n<p><span style=\"color: #ffffff;\">Particip\u00f3 de la Bienal del Chaco como escultor (2002) y como jurado (2010 y 2018).<\/span><\/p>\n<p><span style=\"color: #ffffff;\">Tiene obras emplazadas en espacios urbanos de Caracas (Venezuela), Washington (Estados Unidos), San Jos\u00e9 (Costa Rica), Sao Caetano Do Sul (Brasil), Granby (Canad\u00e1), Iguerande y C\u00f3rcega (Francia), Resistencia (Chaco, Argentina), Luxemburgo y M\u00e9xico.<\/span>[\/vc_column_text][vc_empty_space][\/vc_column_inner][\/vc_row_inner][vc_empty_space][\/vc_column][\/vc_row]\n","protected":false},"excerpt":{"rendered":"<p>[vc_row css_animation=&#8221;&#8221; row_type=&#8221;row&#8221; use_row_as_full_screen_section=&#8221;no&#8221; type=&#8221;full_width&#8221; angled_section=&#8221;no&#8221; text_align=&#8221;center&#8221; background_image_as_pattern=&#8221;without_pattern&#8221; z_index=&#8221;&#8221;][vc_column offset=&#8221;vc_hidden-xs&#8221;][layerslider_vc id=&#8221;11&#8243;][\/vc_column][\/vc_row][vc_row css_animation=&#8221;&#8221; row_type=&#8221;row&#8221; use_row_as_full_screen_section=&#8221;no&#8221; type=&#8221;full_width&#8221; angled_section=&#8221;no&#8221; text_align=&#8221;center&#8221; background_image_as_pattern=&#8221;without_pattern&#8221; z_index=&#8221;&#8221;][vc_column offset=&#8221;vc_hidden-lg vc_hidden-md vc_hidden-sm&#8221;][layerslider_vc id=&#8221;12&#8243;][\/vc_column][\/vc_row][vc_row css_animation=&#8221;&#8221; row_type=&#8221;row&#8221; use_row_as_full_screen_section=&#8221;no&#8221; type=&#8221;grid&#8221; angled_section=&#8221;no&#8221; text_align=&#8221;left&#8221; background_image_as_pattern=&#8221;without_pattern&#8221; z_index=&#8221;&#8221;][vc_column css_animation=&#8221;fadeInLeftBig&#8221;][vc_empty_space height=&#8221;50px&#8221;][vc_row_inner row_type=&#8221;row&#8221; type=&#8221;full_width&#8221; text_align=&#8221;left&#8221; css_animation=&#8221;&#8221;][vc_column_inner width=&#8221;2\/3&#8243;][vc_column_text]Concurso Internacional de Escultura[\/vc_column_text][\/vc_column_inner][vc_column_inner width=&#8221;1\/3&#8243;][vc_column_text] &lt; Volver [\/vc_column_text][\/vc_column_inner][\/vc_row_inner][vc_column_text]13&#8230;<\/p>\n","protected":false},"author":3,"featured_media":0,"parent":0,"menu_order":0,"comment_status":"closed","ping_status":"closed","template":"full_width.php","meta":{"footnotes":""},"class_list":["post-12388","page","type-page","status-publish","hentry"],"_links":{"self":[{"href":"https:\/\/www.bienaldelchaco.org\/2024\/wp-json\/wp\/v2\/pages\/12388","targetHints":{"allow":["GET"]}}],"collection":[{"href":"https:\/\/www.bienaldelchaco.org\/2024\/wp-json\/wp\/v2\/pages"}],"about":[{"href":"https:\/\/www.bienaldelchaco.org\/2024\/wp-json\/wp\/v2\/types\/page"}],"author":[{"embeddable":true,"href":"https:\/\/www.bienaldelchaco.org\/2024\/wp-json\/wp\/v2\/users\/3"}],"replies":[{"embeddable":true,"href":"https:\/\/www.bienaldelchaco.org\/2024\/wp-json\/wp\/v2\/comments?post=12388"}],"version-history":[{"count":7,"href":"https:\/\/www.bienaldelchaco.org\/2024\/wp-json\/wp\/v2\/pages\/12388\/revisions"}],"predecessor-version":[{"id":12404,"href":"https:\/\/www.bienaldelchaco.org\/2024\/wp-json\/wp\/v2\/pages\/12388\/revisions\/12404"}],"wp:attachment":[{"href":"https:\/\/www.bienaldelchaco.org\/2024\/wp-json\/wp\/v2\/media?parent=12388"}],"curies":[{"name":"wp","href":"https:\/\/api.w.org\/{rel}","templated":true}]}}

Bienal de Escultura &#8211; Ramón Morales Rossi

[vc_row css_animation=&#8221;&#8221; row_type=&#8221;row&#8221; use_row_as_full_screen_section=&#8221;no&#8221; type=&#8221;full_width&#8221; angled_section=&#8221;no&#8221; text_align=&#8221;center&#8221; background_image_as_pattern=&#8221;without_pattern&#8221; z_index=&#8221;&#8221;][vc_column offset=&#8221;vc_hidden-xs&#8221;][layerslider_vc id=&#8221;11&#8243;][/vc_column][/vc_row][vc_row css_animation=&#8221;&#8221; row_type=&#8221;row&#8221; use_row_as_full_screen_section=&#8221;no&#8221; type=&#8221;full_width&#8221; angled_section=&#8221;no&#8221; text_align=&#8221;center&#8221; background_image_as_pattern=&#8221;without_pattern&#8221; z_index=&#8221;&#8221;][vc_column offset=&#8221;vc_hidden-lg vc_hidden-md vc_hidden-sm&#8221;][layerslider_vc id=&#8221;12&#8243;][/vc_column][/vc_row][vc_row css_animation=&#8221;&#8221; row_type=&#8221;row&#8221; use_row_as_full_screen_section=&#8221;no&#8221; type=&#8221;grid&#8221; angled_section=&#8221;no&#8221; text_align=&#8221;left&#8221; background_image_as_pattern=&#8221;without_pattern&#8221; z_index=&#8221;&#8221;][vc_column css_animation=&#8221;fadeInLeftBig&#8221;][vc_empty_space height=&#8221;50px&#8221;][vc_row_inner row_type=&#8221;row&#8221; type=&#8221;full_width&#8221; text_align=&#8221;left&#8221; css_animation=&#8221;&#8221;][vc_column_inner width=&#8221;2/3&#8243;][vc_column_text]<span style="font-family: Muli; font-size: 28px; font-weight: bold; color: #000000;">Concurso Internacional de Escultura</span>[/vc_column_text][/vc_column_inner][vc_column_inner width=&#8221;1/3&#8243;][vc_column_text]
<p style="text-align: right;"><span style="color: #000000;"><a style="color: #000000;" href="https://www.bienaldelchaco.org/2024/bienal-de-escultura/"><span style="font-family: 'Muli'; font-size: 22px;">&lt; Volver</span></a></span></p>
[/vc_column_text][/vc_column_inner][/vc_row_inner][vc_column_text]<span style="font-family: 'Muli'; font-size: 20px; color: #696969;">13 al 20 de julio de 2024</span>[/vc_column_text][vc_separator css_animation=&#8221;none&#8221; type=&#8221;small&#8221; position=&#8221;left&#8221; color=&#8221;#000000&#8243; width=&#8221;50&#8243;][vc_empty_space height=&#8221;25px&#8221;][/vc_column][/vc_row][vc_row css_animation=&#8221;&#8221; row_type=&#8221;row&#8221; use_row_as_full_screen_section=&#8221;no&#8221; type=&#8221;full_width&#8221; angled_section=&#8221;no&#8221; text_align=&#8221;left&#8221; background_image_as_pattern=&#8221;without_pattern&#8221; z_index=&#8221;&#8221;][vc_column parallax=&#8221;content-moving-fade&#8221; parallax_image=&#8221;12048&#8243; parallax_speed_bg=&#8221;3.5&#8243; css_animation=&#8221;none&#8221;][vc_row_inner row_type=&#8221;row&#8221; type=&#8221;grid&#8221; text_align=&#8221;left&#8221; css_animation=&#8221;&#8221;][vc_column_inner css=&#8221;.vc_custom_1713884337213{padding-left: 20px !important;}&#8221; offset=&#8221;vc_hidden-sm vc_hidden-xs&#8221;][vc_empty_space height=&#8221;50px&#8221;][vc_column_text]
<h2 style="text-align: left; color: #ffffff;"><strong>Honorable jurado</strong></h2>
[/vc_column_text][vc_separator css_animation=&#8221;none&#8221; type=&#8221;small&#8221; position=&#8221;left&#8221; color=&#8221;#ffffff&#8221; width=&#8221;50&#8243;][vc_empty_space height=&#8221;10px&#8221;][vc_empty_space height=&#8221;60px&#8221;][/vc_column_inner][/vc_row_inner][vc_row_inner row_type=&#8221;row&#8221; type=&#8221;grid&#8221; text_align=&#8221;left&#8221; css_animation=&#8221;&#8221;][vc_column_inner css=&#8221;.vc_custom_1713884344908{padding-left: 20px !important;}&#8221; offset=&#8221;vc_hidden-lg vc_hidden-md&#8221;][vc_empty_space height=&#8221;20px&#8221;][vc_column_text]
<h2 style="text-align: left; color: #ffffff;"><strong>Honorable Jurado</strong></h2>
[/vc_column_text][vc_separator css_animation=&#8221;none&#8221; type=&#8221;small&#8221; position=&#8221;left&#8221; color=&#8221;#ffffff&#8221; width=&#8221;50&#8243;][vc_empty_space height=&#8221;40px&#8221;][/vc_column_inner][/vc_row_inner][/vc_column][/vc_row][vc_row css_animation=&#8221;element_from_bottom&#8221; row_type=&#8221;row&#8221; use_row_as_full_screen_section=&#8221;no&#8221; type=&#8221;full_width&#8221; angled_section=&#8221;no&#8221; text_align=&#8221;left&#8221; background_image_as_pattern=&#8221;without_pattern&#8221; background_color=&#8221;#181818&#8243; transition_delay=&#8221;1600&#8243; z_index=&#8221;&#8221;][vc_column offset=&#8221;vc_hidden-sm vc_hidden-xs&#8221;][vc_row_inner row_type=&#8221;row&#8221; type=&#8221;grid&#8221; text_align=&#8221;left&#8221; css_animation=&#8221;&#8221;][vc_column_inner width=&#8221;1/3&#8243;][vc_single_image image=&#8221;12399&#8243; img_size=&#8221;full&#8221; qode_css_animation=&#8221;&#8221;][vc_empty_space height=&#8221;160px&#8221;][vc_column_text]<span style="font-family: Arial; font-size: 36px; font-weight: bold; color: #ffffff;">Ramón<br />
Monrales Rossi</span>[/vc_column_text][vc_empty_space height=&#8221;10px&#8221;][vc_column_text]
<h6><span style="color: #ffffff;"><em><span style="font-size: 28px; font-weight: bold;">Venezuela</span></em></span></h6>
[/vc_column_text][vc_empty_space height=&#8221;50px&#8221;][/vc_column_inner][vc_column_inner width=&#8221;2/3&#8243; css=&#8221;.vc_custom_1713976524333{margin-top: -35% !important;}&#8221;][vc_single_image image=&#8221;12403&#8243; img_size=&#8221;full&#8221; onclick=&#8221;custom_link&#8221; img_link_target=&#8221;_blank&#8221; qode_css_animation=&#8221;&#8221; link=&#8221;https://www.instagram.com/bernardiluisdaniel&#8221;][/vc_column_inner][/vc_row_inner][/vc_column][/vc_row][vc_row css_animation=&#8221;element_from_bottom&#8221; row_type=&#8221;row&#8221; use_row_as_full_screen_section=&#8221;no&#8221; type=&#8221;full_width&#8221; angled_section=&#8221;no&#8221; text_align=&#8221;left&#8221; background_image_as_pattern=&#8221;without_pattern&#8221; background_color=&#8221;#181818&#8243; transition_delay=&#8221;1000&#8243; z_index=&#8221;&#8221;][vc_column offset=&#8221;vc_hidden-lg vc_hidden-md&#8221;][vc_row_inner row_type=&#8221;row&#8221; type=&#8221;grid&#8221; text_align=&#8221;left&#8221; css_animation=&#8221;&#8221;][vc_column_inner width=&#8221;2/3&#8243; css=&#8221;.vc_custom_1713977901517{margin-top: -12% !important;}&#8221;][vc_single_image image=&#8221;12403&#8243; img_size=&#8221;full&#8221; onclick=&#8221;custom_link&#8221; img_link_target=&#8221;_blank&#8221; qode_css_animation=&#8221;&#8221; link=&#8221;https://www.instagram.com/bernardiluisdaniel&#8221;][/vc_column_inner][vc_column_inner width=&#8221;1/3&#8243;][vc_empty_space height=&#8221;50px&#8221;][vc_single_image image=&#8221;12399&#8243; img_size=&#8221;full&#8221; qode_css_animation=&#8221;&#8221;][vc_empty_space height=&#8221;50px&#8221;][vc_column_text]<span style="font-family: Arial; font-size: 36px; font-weight: bold; color: #ffffff;">Ramón<br />
Monrales Rossi</span>[/vc_column_text][vc_empty_space height=&#8221;10px&#8221;][vc_column_text]
<h6><span style="color: #ffffff;"><em><span style="font-size: 28px; font-weight: bold;">Venezuela</span></em></span></h6>
[/vc_column_text][vc_empty_space height=&#8221;50px&#8221;][/vc_column_inner][/vc_row_inner][/vc_column][/vc_row][vc_row css_animation=&#8221;element_from_left&#8221; row_type=&#8221;row&#8221; use_row_as_full_screen_section=&#8221;no&#8221; type=&#8221;full_width&#8221; angled_section=&#8221;no&#8221; text_align=&#8221;left&#8221; background_image_as_pattern=&#8221;without_pattern&#8221; background_color=&#8221;#181818&#8243; z_index=&#8221;&#8221;][vc_column][vc_row_inner row_type=&#8221;row&#8221; type=&#8221;grid&#8221; text_align=&#8221;left&#8221; css_animation=&#8221;&#8221;][vc_column_inner width=&#8221;1/3&#8243;][vc_empty_space][vc_column_text]<span style="color: #ffffff;">Nació en 1950 en la ciudad de</span><br />
<span style="color: #ffffff;">Bolivar, Venezuela. Es escultor, artista</span><br />
<span style="color: #ffffff;">plástico, músico y se autodefine</span><br />
<span style="color: #ffffff;">como &#8220;artista Guayanés de piedras,</span><br />
<span style="color: #ffffff;">arena y rios&#8221;.</span>[/vc_column_text][vc_empty_space][/vc_column_inner][vc_column_inner width=&#8221;2/3&#8243;][vc_empty_space][vc_column_text]<span style="color: #ffffff;"><strong>Distinciones:</strong></span>[/vc_column_text][vc_empty_space height=&#8221;12px&#8221;][vc_column_text css=&#8221;.vc_custom_1715902762337{padding-right: 8% !important;}&#8221;]<span style="color: #ffffff;"><strong>2009.</strong> Primer Premio del Salón Teresa Carreño de Caracas (Venezuela).</span><br />
<span style="color: #ffffff;"><strong>2002.</strong> Mención honorífica del Primer Salón del Tallado en Azabache. Museo de Ciudad Bolívar (Venezuela). <strong>1999.</strong> Segundo Premio del Fondo para el Desarrollo de Nueva Esparta. Museo de Arte Contemporáneo Francisco Narváez de Porlamar (Venezuela). <strong>1998.</strong> Primer Premio del Concurso de Artes Plásticas Alejandro Otero de la Dirección Cultural de Ciudad Bolívar (Venezuela). <strong>1988.</strong> Segundo Premio Museo de Cumana del Estado Sucre (Venezuela). <strong>1986.</strong> Primer Premio del Tercer Salón de la Fundación Orinoco de Puerto Ordaz (Venezuela). <strong>1977.</strong> Segundo Premio. Salón Nacional Centro Plaza. Caracas. (Venezuela). 1967. Segundo Premio del Salón Alejandro Otero del Ateneo Carlos Raúl Villanueva de Ciudad Bolívar (Venezuela).</span></p>
<p><span style="color: #ffffff;">Participó de la Bienal del Chaco como escultor (2002) y como jurado (2010 y 2018).</span></p>
<p><span style="color: #ffffff;">Tiene obras emplazadas en espacios urbanos de Caracas (Venezuela), Washington (Estados Unidos), San José (Costa Rica), Sao Caetano Do Sul (Brasil), Granby (Canadá), Iguerande y Córcega (Francia), Resistencia (Chaco, Argentina), Luxemburgo y México.</span>[/vc_column_text][vc_empty_space][/vc_column_inner][/vc_row_inner][vc_empty_space][/vc_column][/vc_row]
